
5
Let m(h) = 4*h**3 - 20*h. What is the tens digit of m(5)?
0
Let f = -16 + 15. Let p(c) = 17*c + 2. Let t be p(f). What is the units digit of (10/t)/(2/(-102))?
4
What is the tens digit of (1/(-3))/(((-13)/140907)/1)?
1
Suppose 169 = 2*a - 131. Suppose -5*d - 510 = -5*w, -11*d + 6*d - 513 = -4*w. Let u = d + a. What is the units digit of u?
5
Suppose -7*r = 2*r - 6300. What is the hundreds digit of r?
7
Let x be ((-30)/18)/((-15)/54). Let z(s) = 4 + x - 2 - 3*s. What is the tens digit of z(-14)?
5
Let u(q) = 2*q**2 - 12*q + 10. Let j be u(5). Suppose -4*i - 3*d + 498 = 0, -i = -j*i - 2*d - 119. What is the units digit of i?
3
What is the tens digit of 44/220 + -2019*(-16)/30?
7
Let j(r) = 188*r**2 + 8*r - 8. What is the tens digit of j(4)?
3
Let l be 1 - 2/4*2. Let p(z) = z**3 + 22*z**2 + 40*z + 4. Let r be p(-20). Suppose l*x = -r*n + 2*x + 2, -13 = n - 5*x. What is the units digit of n?
2
Suppose 213*x - 201*x = 26184. What is the tens digit of x?
8
Let b be (-1)/(-2)*6 + 38/(-2). What is the units digit of (8/b)/(2/(-216))?
4
Suppose -4*q = c - 334, -c - 3*q + 4*q = -309. Suppose 5*o - c = 4*p, -2*p + 246 = 4*o - 0*o. What is the tens digit of o?
6
Let z(l) = -l + 1313. What is the hundreds digit of z(0)?
3
Let a(c) = 218*c + 20. What is the hundreds digit of a(2)?
4
Let q = 6071 - 4300. What is the units digit of q?
1
Let v(m) = -m + 4. Let d be v(5). Let p be d/3 + 2/6. Suppose -4*y + y + 51 = p. What is the tens digit of y?
1
Suppose -3*h = -13 - 29. Let b be h/5 + 6/30. Suppose -7*q + b*q + 12 = 0. What is the units digit of q?
3
Let h = -5837 - -8773. What is the hundreds digit of h?
9
Let m(w) = -3*w**3 - 9*w**2 - 3*w + 24. What is the tens digit of m(-10)?
5
Suppose -34*k - 2*k = -20376. What is the units digit of k?
6
Let t = 49 + -27. Suppose -3*k + 5*n + 2 = -1, 0 = 2*n + 6. Let b = t - k. What is the units digit of b?
6
Suppose -3*t - 2*s + 4181 = 0, -5*t - 2314 = -14*s - 9213. What is the hundreds digit of t?
3
Let l = -1 - -1. Suppose l = 2*m + 5*j - 51, 0 = -m + 2*j + j + 9. Let g = m - 13. What is the units digit of g?
5
Let b be ((-29)/(-2))/((10/12)/5). What is the units digit of (278/(-3))/((-29)/b)?
8
Let q(o) = 4*o**3 + 8*o - 27. What is the hundreds digit of q(5)?
5
Let s = 169 - 84. What is the tens digit of s?
8
Let j(b) = -b**3 + 31*b**2 - 16*b - 88. What is the units digit of j(30)?
2
Suppose w - 7 = -h, -3*h + 5*h - 22 = -4*w. Suppose h*y + 5 = -2*y. What is the tens digit of y - (-19)/((-5)/(-5))?
1
Let i(n) = n - 16*n - 15 - 6*n - 6*n. Let b be i(-6). Suppose d + 2*d = b. What is the units digit of d?
9
Let n(d) = -5*d - 10. Let p be n(6). Let x = 47 + p. What is the units digit of x?
7
What is the hundreds digit of 581 + (-1 - 3) + -2?
5
Suppose 3*b - 14 = 1. Suppose b*k + 4*m - 849 = 0, -3*m + 685 = 4*k + 5. What is the tens digit of k?
7
Suppose -4500 = -15*z + 3*z. What is the hundreds digit of z?
3
Suppose 195*s = 233*s - 138282. What is the units digit of s?
9
Suppose 501 = t + 138*v - 133*v, 0 = -5*t - 3*v + 2439. What is the tens digit of t?
8
Let g = -3508 - -5204. What is the thousands digit of g?
1
What is the units digit of ((-2)/3)/((-46)/51681)?
9
Let l(q) be the third derivative of 8*q**2 - 1/120*q**6 + 0*q - 4/3*q**3 + 1/4*q**4 + 1/12*q**5 + 0. What is the units digit of l(5)?
2
Let r(z) = z**3 + 15*z**2 - 38*z - 41. What is the units digit of r(-17)?
7
Let w(v) = 3*v - 1. Let f(l) = -l. Let t(m) = -7*f(m) - 4*w(m). Let u(b) = -2*b**2 + 2*b. Let r be u(2). What is the units digit of t(r)?
4
What is the tens digit of (53520/(-90))/(2/(-3))?
9
Let y(x) = 0*x + 2*x - 3*x + 4 - 2. Let s be y(2). Suppose s = -d - 0*d + 31. What is the tens digit of d?
3
Let z = 162 + -234. Let w = -38 - z. What is the units digit of w?
4
Let h(z) = 2*z**3 + 3*z**2 + z - 9. What is the tens digit of h(5)?
2
Suppose -3*k = -4*k - 31. Let g = k + 60. What is the units digit of g?
9
Let q = 181 - 163. What is the units digit of q?
8
Suppose 0 = -6*j + 43 - 13. Suppose -5*n + 3*k + 35 = 0, -4*k = -j*n - 14 + 49. What is the units digit of n?
7
What is the units digit of (81/(-2))/((-7)/392)?
8
Let t = 1887 + -716. What is the thousands digit of t?
1
Let p(j) = j + 3. Let w be p(-1). Suppose -5*l - w*k = -119, 0*l = -l - 3*k + 29. What is the tens digit of l?
2
Let t = 10 + -13. Let k be (3/(-3))/(t/15). Suppose 2*n + 80 = 3*i, -64 = -k*i + 3*i + 4*n. What is the units digit of i?
4
Let q(w) = 3*w - 2 - 5*w + 1. Let x be q(-1). What is the units digit of (-250)/(-12) + x/6?
1
Suppose -3*s - 87 = 5*w - 29, -3*s - 3*w - 48 = 0. What is the tens digit of s/3*((-300)/4 - -9)?
4
Suppose -22 = -3*z + 389. Suppose 3*g + 11 = z. Suppose 2*a + g = x + 3*x, -x + 5*a + 15 = 0. What is the units digit of x?
0
Suppose 3*f = -3*c - 9, -c + 3*f + 6 = -3. What is the units digit of 51 - (0 + c)*2/(-6)?
1
Let u = -2068 - -3481. What is the hundreds digit of u?
4
Suppose -8*g = u - 9*g - 3891, 0 = -3*u + g + 11663. What is the tens digit of u?
8
Suppose 61*a = 59*a + 16. What is the units digit of a?
8
What is the units digit of 4/4*(1661 + -43)?
8
Suppose 21*b = 16*b + 10. Suppose -3*x = z - 636, -5*x + z + 1074 = -b*z. What is the tens digit of x?
1
Let t(w) = 2*w**3 - 3*w - 5*w - w**3 + 4*w**2 - 3 + 9*w. What is the units digit of t(3)?
3
Let h(g) = g**3 + 5*g**2 - 5*g. Let o be h(-6). Let r = o - -8. What is the units digit of r/(-6) + 320/24?
3
Let y = -1 - 0. Let l be (y - -4)*(-8)/(-12). Suppose -2*h + 14 = 2*d, 5*h + 65 = 7*d - l*d. What is the units digit of d?
0
Suppose 0 = 2*p - 5*i + 45, 2*p + 17 = 2*i - 13. Let h = -32 - p. What is the tens digit of (-370)/h + 6/33?
1
Let q(a) = 82*a - 62*a - 49*a - 14*a + 10. What is the hundreds digit of q(-7)?
3
Let d(h) = h**3 - 4*h**2 + 5*h. Let f be d(6). Suppose 3*v = 2*l + f, -2*v + 3*l + 46 = -27. Let n = 66 - v. What is the tens digit of n?
3
Let v(d) = 1278*d + 31. What is the tens digit of v(1)?
0
Let l(d) = -d**3 + 9*d**2 - 7*d + 13. Let f be l(8). Let h = f + -15. What is the units digit of h?
6
Suppose 17*k - 4 = 15*k. Suppose 0 = 5*t + 2*z + 3*z - 240, -285 = -5*t + 4*z. Suppose -k*g + 21 = -t. What is the tens digit of g?
3
Let k(n) be the second derivative of -7*n**3/6 - 3*n**2 - 6*n. What is the tens digit of k(-11)?
7
Let z(j) = j**3 - 44*j**2 - 39*j - 85. What is the hundreds digit of z(45)?
1
Suppose 22*l - 5*l = 2397. What is the tens digit of l?
4
Suppose 2*b - 5*l - 62 = 79, -2*l - 150 = -2*b. Suppose 6*n - 84 = b. What is the units digit of n?
7
Let g = -26 - -28. Suppose 4*l - 152 = g*l + 5*y, 0 = -5*l - 5*y + 345. What is the units digit of l?
1
Suppose -4*c + 2*w = 5*w - 21, 4*c - 5*w = -3. Suppose -c*l + l - 18 = -y, 5*y - 72 = l. What is the tens digit of y?
1
Suppose -2*u - u + 382 = 5*q, 0 = 4*u - 2*q - 492. Suppose -680 + u = -4*x. What is the hundreds digit of x?
1
Suppose l + 5*r - 27 - 3 = 0, -5*l = 3*r - 106. Suppose -l + 505 = 5*k. What is the tens digit of k?
9
What is the units digit of 6 + (-6)/((-12)/1598)?
5
What is the units digit of 162/(-567) - 12268/(-14)?
6
Let z = -346 - 14. What is the tens digit of (10/(-8))/(18/z)?
2
Let i be ((-9)/6)/(12/16). Let k(y) = -7*y**3 - 2*y**2 - 3*y. What is the tens digit of k(i)?
5
Suppose -2*d - 3 - 111 = 0. What is the tens digit of 532/d*6/(-4)?
1
Suppose 0 = -9*x + 1837 + 2348. What is the hundreds digit of x?
4
Let d(v) = 42*v - 12. Let z be d(6). Suppose 0*r + z = 5*r. What is the units digit of r?
8
Suppose -i = -3*h + h + 17, -65 = -5*h - 5*i. What is the units digit of ((-6)/(-5))/(h/25)?
3
Let l(n) = 2*n - 2. Let x be l(0). Let f(r) = -9*r - 4. What is the units digit of f(x)?
4
Let b = 206 + 111. What is the tens digit of b?
1
Suppose -20 = 3*s - 17, -2*i + 5*s = -3035. What is the hundreds digit of i?
5
Suppose 2*c + 110 = -116. Let k = -36 - c. What is the units digit of k?
7
Suppose -g + 3*s - s = -325, 5*g - 5*s = 1610. What is the hundreds digit of g?
3
Suppose 4*s - 4*q - 120 = -44, -2*s - 2*q + 34 = 0. What is the tens digit of -2*3/s*-39?
1
Suppose 8*m - 3*m + 171 = q, 0 = q + 5*m - 191. What is the hundreds digit of q?
1
Let m(x) be the first derivative of 47*x**3/3 + x**2/2 - x + 11. What is the tens digit of m(1)?
4
Suppose -4*x = -4*v - 488, 5*x + 0*x - 2*v - 622 = 0. Let o = x - 47. W